{"id":4131,"date":"2024-06-18T12:41:00","date_gmt":"2024-06-18T10:41:00","guid":{"rendered":"https:\/\/rgb.cat\/produccions\/festival-emergent-2\/"},"modified":"2024-06-18T11:16:19","modified_gmt":"2024-06-18T09:16:19","slug":"xalaro","status":"publish","type":"page","link":"https:\/\/rgb.cat\/en\/produccions\/xalaro\/","title":{"rendered":"Xalaro"},"content":{"rendered":"<p>[et_pb_section fb_built=&#8221;1&#8243; _builder_version=&#8221;4.24.2&#8243; _module_preset=&#8221;default&#8221; global_colors_info=&#8221;{}&#8221;][et_pb_row _builder_version=&#8221;4.24.2&#8243; _module_preset=&#8221;default&#8221; global_colors_info=&#8221;{}&#8221;][et_pb_column type=&#8221;4_4&#8243; _builder_version=&#8221;4.24.2&#8243; _module_preset=&#8221;default&#8221; global_colors_info=&#8221;{}&#8221;][et_pb_text _builder_version=&#8221;4.24.2&#8243; _module_preset=&#8221;default&#8221; global_colors_info=&#8221;{}&#8221;]<\/p>\n<h1>Xalaro<\/h1>\n<p>[\/et_pb_text][\/et_pb_column][\/et_pb_row][\/et_pb_section][et_pb_section fb_built=&#8221;1&#8243; fullwidth=&#8221;on&#8221; _builder_version=&#8221;4.24.2&#8243; _module_preset=&#8221;default&#8221; global_colors_info=&#8221;{}&#8221;][et_pb_fullwidth_image src=&#8221;https:\/\/rgb.cat\/wp-content\/uploads\/2024\/06\/Banner_Xalaro.png&#8221; title_text=&#8221;Banner_Xalaro&#8221; _builder_version=&#8221;4.25.1&#8243; _module_preset=&#8221;default&#8221; hover_enabled=&#8221;0&#8243; global_colors_info=&#8221;{}&#8221; sticky_enabled=&#8221;0&#8243;][\/et_pb_fullwidth_image][\/et_pb_section][et_pb_section fb_built=&#8221;1&#8243; _builder_version=&#8221;4.24.2&#8243; _module_preset=&#8221;default&#8221; global_colors_info=&#8221;{}&#8221; custom_padding=&#8221;31px|||||&#8221;][et_pb_row column_structure=&#8221;3_5,2_5&#8243; _builder_version=&#8221;4.24.2&#8243; _module_preset=&#8221;default&#8221; global_colors_info=&#8221;{}&#8221;][et_pb_column type=&#8221;3_5&#8243; _builder_version=&#8221;4.24.2&#8243; _module_preset=&#8221;default&#8221; global_colors_info=&#8221;{}&#8221;][et_pb_text _builder_version=&#8221;4.25.1&#8243; _module_preset=&#8221;default&#8221; hover_enabled=&#8221;0&#8243; global_colors_info=&#8221;{}&#8221; custom_padding=&#8221;||10px|||&#8221; sticky_enabled=&#8221;0&#8243;]<\/p>\n<h4 class=\"text-left info-item-subtitle\">Espai familiar a la platja: miniclub, babyclub i jocs en fam\u00edlia a la platja<\/h4>\n<p>Durant els mesos de juliol i agost podreu gaudir de l\u2019espai del Miniclub situat a la Platja Gran (al\u00e7ada c\/ Costa Brava)<br \/>En aquest mateix espai podreu trobar diferents serveis adre\u00e7ats a les fam\u00edlies amb infants:<br \/><b>\u2022 Mini Club Infantil<\/b>-Ludoteca una proposta l\u00fadico- educativa adre\u00e7ada als petits de la casa. En aquest espai dinamitzat per un equip de monitors a c\u00e0rrec dels infants, s\u2019hi ofereixen tallers, manualitats, jocs&#8230; tot un programa d\u2019activitats per passar-ho b\u00e9 a prop del mar i d\u2019una manera diferent! Activitat gratu\u00efta dirigida a nenes i nens de 3 a 12 anys, estada m\u00e0xima d\u20191 hora per dia.<br \/><b>\u2022 Jocs en fam\u00edlia a la Platja:<\/b><span>\u00a0<\/span>L\u2019espai del Miniclub a les tardes es converteix en un espai per compartir jocs, tallers, contacontes&#8230; amb tota la fam\u00edlia, tant petits com adults podran gaudir de totes les activitats que l\u2019equip de monitors us han preparat per qu\u00e8 passeu una bona estona en fam\u00edlia. Activitat gratu\u00efta<br \/><b>\u2022 Babyclub:<\/b><span>\u00a0<\/span>Aquest servei, situat a la platja al costat del Miniclub, est\u00e0 dirigit a fam\u00edlies amb nadons de 0 a 3 anys. En ell hi trobareu tota una s\u00e8rie de serveis adaptats a les necessitats de les fam\u00edlies amb nadons: canviador, trones, m\u00f2dul amb aire condicionat, microones, nevera, rentamans, espai d\u2019alletament&#8230; Tamb\u00e9 compta amb un espai d\u2019ombra a l\u2019exterior amb joguines i un espai per aparcar els cotxets mentre s\u2019utilitza el servei. Tot pensat perqu\u00e8 les fam\u00edlies amb nadons gaudiu d\u2019un manera m\u00e9s f\u00e0cil d\u2019una magn\u00edfic dia de platja.<\/p>\n<p>[\/et_pb_text][\/et_pb_column][et_pb_column type=&#8221;2_5&#8243; _builder_version=&#8221;4.24.2&#8243; _module_preset=&#8221;default&#8221; global_colors_info=&#8221;{}&#8221;][et_pb_text _builder_version=&#8221;4.25.1&#8243; _module_preset=&#8221;default&#8221; hover_enabled=&#8221;0&#8243; global_colors_info=&#8221;{}&#8221; sticky_enabled=&#8221;0&#8243;]<\/p>\n<h2><a href=\"https:\/\/www.xalaro.cat\/\" target=\"_blank\" rel=\"noopener noreferrer\">xalaro.cat<\/a><\/h2>\n<p>[\/et_pb_text][\/et_pb_column][\/et_pb_row][\/et_pb_section][et_pb_section fb_built=&#8221;1&#8243; module_class=&#8221;franja-artistes-destacats&#8221; _builder_version=&#8221;4.24.3&#8243; _module_preset=&#8221;default&#8221; background_color=&#8221;#E09900&#8243; global_module=&#8221;2545&#8243; global_colors_info=&#8221;{}&#8221;][\/et_pb_section]<\/p>\n","protected":false},"excerpt":{"rendered":"<p>XalaroEspai familiar a la platja: miniclub, babyclub i jocs en fam\u00edlia a la platja Durant els mesos de juliol i agost podreu gaudir de l\u2019espai del Miniclub situat a la [&hellip;]<\/p>\n","protected":false},"author":6,"featured_media":4133,"parent":2540,"menu_order":3,"comment_status":"closed","ping_status":"closed","template":"","meta":{"pgc_meta":"","_et_pb_use_builder":"on","_et_pb_old_content":"","_et_gb_content_width":"","footnotes":""},"categories":[189],"tags":[],"class_list":["post-4131","page","type-page","status-publish","has-post-thumbnail","hentry","category-produccions"],"pgc_meta":"","yoast_head":"<!-- This site is optimized with the Yoast SEO plugin v25.3.1 - https:\/\/yoast.com\/wordpress\/plugins\/seo\/ -->\n<title>Xalaro - RGB<\/title>\n<meta name=\"robots\" content=\"index, follow, max-snippet:-1, max-image-preview:large, max-video-preview:-1\" \/>\n<link rel=\"canonical\" href=\"https:\/\/rgb.cat\/produccions\/xalaro\/\" \/>\n<meta property=\"og:locale\" content=\"en_GB\" \/>\n<meta property=\"og:type\" content=\"article\" \/>\n<meta property=\"og:title\" content=\"Xalaro - RGB\" \/>\n<meta property=\"og:description\" content=\"XalaroEspai familiar a la platja: miniclub, babyclub i jocs en fam\u00edlia a la platja Durant els mesos de juliol i agost podreu gaudir de l\u2019espai del Miniclub situat a la [&hellip;]\" \/>\n<meta property=\"og:url\" content=\"https:\/\/rgb.cat\/produccions\/xalaro\/\" \/>\n<meta property=\"og:site_name\" content=\"RGB\" \/>\n<meta property=\"og:image\" content=\"https:\/\/rgb.cat\/wp-content\/uploads\/2024\/06\/Card_Xalaro.png\" \/>\n\t<meta property=\"og:image:width\" content=\"270\" \/>\n\t<meta property=\"og:image:height\" content=\"270\" \/>\n\t<meta property=\"og:image:type\" content=\"image\/png\" \/>\n<meta name=\"twitter:card\" content=\"summary_large_image\" \/>\n<meta name=\"twitter:label1\" content=\"Est. reading time\" \/>\n\t<meta name=\"twitter:data1\" content=\"3 minutes\" \/>\n<script type=\"application\/ld+json\" class=\"yoast-schema-graph\">{\"@context\":\"https:\/\/schema.org\",\"@graph\":[{\"@type\":\"WebPage\",\"@id\":\"https:\/\/rgb.cat\/produccions\/xalaro\/\",\"url\":\"https:\/\/rgb.cat\/produccions\/xalaro\/\",\"name\":\"Xalaro - RGB\",\"isPartOf\":{\"@id\":\"https:\/\/rgb.cat\/#website\"},\"primaryImageOfPage\":{\"@id\":\"https:\/\/rgb.cat\/produccions\/xalaro\/#primaryimage\"},\"image\":{\"@id\":\"https:\/\/rgb.cat\/produccions\/xalaro\/#primaryimage\"},\"thumbnailUrl\":\"https:\/\/rgb.cat\/wp-content\/uploads\/2024\/06\/Card_Xalaro.png\",\"datePublished\":\"2024-06-18T10:41:00+00:00\",\"breadcrumb\":{\"@id\":\"https:\/\/rgb.cat\/produccions\/xalaro\/#breadcrumb\"},\"inLanguage\":\"en-GB\",\"potentialAction\":[{\"@type\":\"ReadAction\",\"target\":[\"https:\/\/rgb.cat\/produccions\/xalaro\/\"]}]},{\"@type\":\"ImageObject\",\"inLanguage\":\"en-GB\",\"@id\":\"https:\/\/rgb.cat\/produccions\/xalaro\/#primaryimage\",\"url\":\"https:\/\/rgb.cat\/wp-content\/uploads\/2024\/06\/Card_Xalaro.png\",\"contentUrl\":\"https:\/\/rgb.cat\/wp-content\/uploads\/2024\/06\/Card_Xalaro.png\",\"width\":270,\"height\":270},{\"@type\":\"BreadcrumbList\",\"@id\":\"https:\/\/rgb.cat\/produccions\/xalaro\/#breadcrumb\",\"itemListElement\":[{\"@type\":\"ListItem\",\"position\":1,\"name\":\"Inici\",\"item\":\"https:\/\/rgb.cat\/\"},{\"@type\":\"ListItem\",\"position\":2,\"name\":\"Produccions\",\"item\":\"https:\/\/rgb.cat\/produccions\/\"},{\"@type\":\"ListItem\",\"position\":3,\"name\":\"Xalaro\"}]},{\"@type\":\"WebSite\",\"@id\":\"https:\/\/rgb.cat\/#website\",\"url\":\"https:\/\/rgb.cat\/\",\"name\":\"RGB\",\"description\":\"RGB M\u00fasic, S.L.\",\"potentialAction\":[{\"@type\":\"SearchAction\",\"target\":{\"@type\":\"EntryPoint\",\"urlTemplate\":\"https:\/\/rgb.cat\/?s={search_term_string}\"},\"query-input\":{\"@type\":\"PropertyValueSpecification\",\"valueRequired\":true,\"valueName\":\"search_term_string\"}}],\"inLanguage\":\"en-GB\"}]}<\/script>\n<!-- \/ Yoast SEO plugin. -->","yoast_head_json":{"title":"Xalaro - RGB","robots":{"index":"index","follow":"follow","max-snippet":"max-snippet:-1","max-image-preview":"max-image-preview:large","max-video-preview":"max-video-preview:-1"},"canonical":"https:\/\/rgb.cat\/produccions\/xalaro\/","og_locale":"en_GB","og_type":"article","og_title":"Xalaro - RGB","og_description":"XalaroEspai familiar a la platja: miniclub, babyclub i jocs en fam\u00edlia a la platja Durant els mesos de juliol i agost podreu gaudir de l\u2019espai del Miniclub situat a la [&hellip;]","og_url":"https:\/\/rgb.cat\/produccions\/xalaro\/","og_site_name":"RGB","og_image":[{"width":270,"height":270,"url":"https:\/\/rgb.cat\/wp-content\/uploads\/2024\/06\/Card_Xalaro.png","type":"image\/png"}],"twitter_card":"summary_large_image","twitter_misc":{"Est. reading time":"3 minutes"},"schema":{"@context":"https:\/\/schema.org","@graph":[{"@type":"WebPage","@id":"https:\/\/rgb.cat\/produccions\/xalaro\/","url":"https:\/\/rgb.cat\/produccions\/xalaro\/","name":"Xalaro - RGB","isPartOf":{"@id":"https:\/\/rgb.cat\/#website"},"primaryImageOfPage":{"@id":"https:\/\/rgb.cat\/produccions\/xalaro\/#primaryimage"},"image":{"@id":"https:\/\/rgb.cat\/produccions\/xalaro\/#primaryimage"},"thumbnailUrl":"https:\/\/rgb.cat\/wp-content\/uploads\/2024\/06\/Card_Xalaro.png","datePublished":"2024-06-18T10:41:00+00:00","breadcrumb":{"@id":"https:\/\/rgb.cat\/produccions\/xalaro\/#breadcrumb"},"inLanguage":"en-GB","potentialAction":[{"@type":"ReadAction","target":["https:\/\/rgb.cat\/produccions\/xalaro\/"]}]},{"@type":"ImageObject","inLanguage":"en-GB","@id":"https:\/\/rgb.cat\/produccions\/xalaro\/#primaryimage","url":"https:\/\/rgb.cat\/wp-content\/uploads\/2024\/06\/Card_Xalaro.png","contentUrl":"https:\/\/rgb.cat\/wp-content\/uploads\/2024\/06\/Card_Xalaro.png","width":270,"height":270},{"@type":"BreadcrumbList","@id":"https:\/\/rgb.cat\/produccions\/xalaro\/#breadcrumb","itemListElement":[{"@type":"ListItem","position":1,"name":"Inici","item":"https:\/\/rgb.cat\/"},{"@type":"ListItem","position":2,"name":"Produccions","item":"https:\/\/rgb.cat\/produccions\/"},{"@type":"ListItem","position":3,"name":"Xalaro"}]},{"@type":"WebSite","@id":"https:\/\/rgb.cat\/#website","url":"https:\/\/rgb.cat\/","name":"RGB","description":"RGB M\u00fasic, S.L.","potentialAction":[{"@type":"SearchAction","target":{"@type":"EntryPoint","urlTemplate":"https:\/\/rgb.cat\/?s={search_term_string}"},"query-input":{"@type":"PropertyValueSpecification","valueRequired":true,"valueName":"search_term_string"}}],"inLanguage":"en-GB"}]}},"_links":{"self":[{"href":"https:\/\/rgb.cat\/en\/wp-json\/wp\/v2\/pages\/4131","targetHints":{"allow":["GET"]}}],"collection":[{"href":"https:\/\/rgb.cat\/en\/wp-json\/wp\/v2\/pages"}],"about":[{"href":"https:\/\/rgb.cat\/en\/wp-json\/wp\/v2\/types\/page"}],"author":[{"embeddable":true,"href":"https:\/\/rgb.cat\/en\/wp-json\/wp\/v2\/users\/6"}],"replies":[{"embeddable":true,"href":"https:\/\/rgb.cat\/en\/wp-json\/wp\/v2\/comments?post=4131"}],"version-history":[{"count":10,"href":"https:\/\/rgb.cat\/en\/wp-json\/wp\/v2\/pages\/4131\/revisions"}],"predecessor-version":[{"id":4192,"href":"https:\/\/rgb.cat\/en\/wp-json\/wp\/v2\/pages\/4131\/revisions\/4192"}],"up":[{"embeddable":true,"href":"https:\/\/rgb.cat\/en\/wp-json\/wp\/v2\/pages\/2540"}],"wp:featuredmedia":[{"embeddable":true,"href":"https:\/\/rgb.cat\/en\/wp-json\/wp\/v2\/media\/4133"}],"wp:attachment":[{"href":"https:\/\/rgb.cat\/en\/wp-json\/wp\/v2\/media?parent=4131"}],"wp:term":[{"taxonomy":"category","embeddable":true,"href":"https:\/\/rgb.cat\/en\/wp-json\/wp\/v2\/categories?post=4131"},{"taxonomy":"post_tag","embeddable":true,"href":"https:\/\/rgb.cat\/en\/wp-json\/wp\/v2\/tags?post=4131"}],"curies":[{"name":"wp","href":"https:\/\/api.w.org\/{rel}","templated":true}]}}

<p>[et_pb_section fb_built=&#8221;1&#8243; _builder_version=&#8221;4.24.2&#8243; _module_preset=&#8221;default&#8221; global_colors_info=&#8221;{}&#8221;][et_pb_row _builder_version=&#8221;4.24.2&#8243; _module_preset=&#8221;default&#8221; global_colors_info=&#8221;{}&#8221;][et_pb_column type=&#8221;4_4&#8243; _builder_version=&#8221;4.24.2&#8243; _module_preset=&#8221;default&#8221; global_colors_info=&#8221;{}&#8221;][et_pb_text _builder_version=&#8221;4.24.2&#8243; _module_preset=&#8221;default&#8221; global_colors_info=&#8221;{}&#8221;]</p>
<h1>Xalaro</h1>
<p>[/et_pb_text][/et_pb_column][/et_pb_row][/et_pb_section][et_pb_section fb_built=&#8221;1&#8243; fullwidth=&#8221;on&#8221; _builder_version=&#8221;4.24.2&#8243; _module_preset=&#8221;default&#8221; global_colors_info=&#8221;{}&#8221;][et_pb_fullwidth_image src=&#8221;https://rgb.cat/wp-content/uploads/2024/06/Banner_Xalaro.png&#8221; title_text=&#8221;Banner_Xalaro&#8221; _builder_version=&#8221;4.25.1&#8243; _module_preset=&#8221;default&#8221; hover_enabled=&#8221;0&#8243; global_colors_info=&#8221;{}&#8221; sticky_enabled=&#8221;0&#8243;][/et_pb_fullwidth_image][/et_pb_section][et_pb_section fb_built=&#8221;1&#8243; _builder_version=&#8221;4.24.2&#8243; _module_preset=&#8221;default&#8221; global_colors_info=&#8221;{}&#8221; custom_padding=&#8221;31px|||||&#8221;][et_pb_row column_structure=&#8221;3_5,2_5&#8243; _builder_version=&#8221;4.24.2&#8243; _module_preset=&#8221;default&#8221; global_colors_info=&#8221;{}&#8221;][et_pb_column type=&#8221;3_5&#8243; _builder_version=&#8221;4.24.2&#8243; _module_preset=&#8221;default&#8221; global_colors_info=&#8221;{}&#8221;][et_pb_text _builder_version=&#8221;4.25.1&#8243; _module_preset=&#8221;default&#8221; hover_enabled=&#8221;0&#8243; global_colors_info=&#8221;{}&#8221; custom_padding=&#8221;||10px|||&#8221; sticky_enabled=&#8221;0&#8243;]</p>
<h4 class="text-left info-item-subtitle">Espai familiar a la platja: miniclub, babyclub i jocs en família a la platja</h4>
<p>Durant els mesos de juliol i agost podreu gaudir de l’espai del Miniclub situat a la Platja Gran (alçada c/ Costa Brava)<br />En aquest mateix espai podreu trobar diferents serveis adreçats a les famílies amb infants:<br /><b>• Mini Club Infantil</b>-Ludoteca una proposta lúdico- educativa adreçada als petits de la casa. En aquest espai dinamitzat per un equip de monitors a càrrec dels infants, s’hi ofereixen tallers, manualitats, jocs&#8230; tot un programa d’activitats per passar-ho bé a prop del mar i d’una manera diferent! Activitat gratuïta dirigida a nenes i nens de 3 a 12 anys, estada màxima d’1 hora per dia.<br /><b>• Jocs en família a la Platja:</b><span> </span>L’espai del Miniclub a les tardes es converteix en un espai per compartir jocs, tallers, contacontes&#8230; amb tota la família, tant petits com adults podran gaudir de totes les activitats que l’equip de monitors us han preparat per què passeu una bona estona en família. Activitat gratuïta<br /><b>• Babyclub:</b><span> </span>Aquest servei, situat a la platja al costat del Miniclub, està dirigit a famílies amb nadons de 0 a 3 anys. En ell hi trobareu tota una sèrie de serveis adaptats a les necessitats de les famílies amb nadons: canviador, trones, mòdul amb aire condicionat, microones, nevera, rentamans, espai d’alletament&#8230; També compta amb un espai d’ombra a l’exterior amb joguines i un espai per aparcar els cotxets mentre s’utilitza el servei. Tot pensat perquè les famílies amb nadons gaudiu d’un manera més fàcil d’una magnífic dia de platja.</p>
<p>[/et_pb_text][/et_pb_column][et_pb_column type=&#8221;2_5&#8243; _builder_version=&#8221;4.24.2&#8243; _module_preset=&#8221;default&#8221; global_colors_info=&#8221;{}&#8221;][et_pb_text _builder_version=&#8221;4.25.1&#8243; _module_preset=&#8221;default&#8221; hover_enabled=&#8221;0&#8243; global_colors_info=&#8221;{}&#8221; sticky_enabled=&#8221;0&#8243;]</p>
<h2><a href="https://www.xalaro.cat/" target="_blank" rel="noopener noreferrer">xalaro.cat</a></h2>
<p>[/et_pb_text][/et_pb_column][/et_pb_row][/et_pb_section][et_pb_section fb_built=&#8221;1&#8243; module_class=&#8221;franja-artistes-destacats&#8221; _builder_version=&#8221;4.24.3&#8243; _module_preset=&#8221;default&#8221; background_color=&#8221;#E09900&#8243; global_module=&#8221;2545&#8243; global_colors_info=&#8221;{}&#8221;][/et_pb_section]</p>

<p>XalaroEspai familiar a la platja: miniclub, babyclub i jocs en família a la platja Durant els mesos de juliol i agost podreu gaudir de l’espai del Miniclub situat a la [&hellip;]</p>

<!-- This site is optimized with the Yoast SEO plugin v25.3.1 - https://yoast.com/wordpress/plugins/seo/ -->
<title>Xalaro - RGB</title>
<meta name="robots" content="index, follow, max-snippet:-1, max-image-preview:large, max-video-preview:-1" />
<link rel="canonical" href="https://rgb.cat/produccions/xalaro/" />
<meta property="og:locale" content="en_GB" />
<meta property="og:type" content="article" />
<meta property="og:title" content="Xalaro - RGB" />
<meta property="og:description" content="XalaroEspai familiar a la platja: miniclub, babyclub i jocs en família a la platja Durant els mesos de juliol i agost podreu gaudir de l’espai del Miniclub situat a la [&hellip;]" />
<meta property="og:url" content="https://rgb.cat/produccions/xalaro/" />
<meta property="og:site_name" content="RGB" />
<meta property="og:image" content="https://rgb.cat/wp-content/uploads/2024/06/Card_Xalaro.png" />
	<meta property="og:image:width" content="270" />
	<meta property="og:image:height" content="270" />
	<meta property="og:image:type" content="image/png" />
<meta name="twitter:card" content="summary_large_image" />
<meta name="twitter:label1" content="Est. reading time" />
	<meta name="twitter:data1" content="3 minutes" />
<script type="application/ld+json" class="yoast-schema-graph">{"@context":"https://schema.org","@graph":[{"@type":"WebPage","@id":"https://rgb.cat/produccions/xalaro/","url":"https://rgb.cat/produccions/xalaro/","name":"Xalaro - RGB","isPartOf":{"@id":"https://rgb.cat/#website"},"primaryImageOfPage":{"@id":"https://rgb.cat/produccions/xalaro/#primaryimage"},"image":{"@id":"https://rgb.cat/produccions/xalaro/#primaryimage"},"thumbnailUrl":"https://rgb.cat/wp-content/uploads/2024/06/Card_Xalaro.png","datePublished":"2024-06-18T10:41:00+00:00","breadcrumb":{"@id":"https://rgb.cat/produccions/xalaro/#breadcrumb"},"inLanguage":"en-GB","potentialAction":[{"@type":"ReadAction","target":["https://rgb.cat/produccions/xalaro/"]}]},{"@type":"ImageObject","inLanguage":"en-GB","@id":"https://rgb.cat/produccions/xalaro/#primaryimage","url":"https://rgb.cat/wp-content/uploads/2024/06/Card_Xalaro.png","contentUrl":"https://rgb.cat/wp-content/uploads/2024/06/Card_Xalaro.png","width":270,"height":270},{"@type":"BreadcrumbList","@id":"https://rgb.cat/produccions/xalaro/#breadcrumb","itemListElement":[{"@type":"ListItem","position":1,"name":"Inici","item":"https://rgb.cat/"},{"@type":"ListItem","position":2,"name":"Produccions","item":"https://rgb.cat/produccions/"},{"@type":"ListItem","position":3,"name":"Xalaro"}]},{"@type":"WebSite","@id":"https://rgb.cat/#website","url":"https://rgb.cat/","name":"RGB","description":"RGB Músic, S.L.","potentialAction":[{"@type":"SearchAction","target":{"@type":"EntryPoint","urlTemplate":"https://rgb.cat/?s={search_term_string}"},"query-input":{"@type":"PropertyValueSpecification","valueRequired":true,"valueName":"search_term_string"}}],"inLanguage":"en-GB"}]}</script>
<!-- / Yoast SEO plugin. -->

XalaroEspai familiar a la platja: miniclub, babyclub i jocs en família a la platja Durant els mesos de juliol i agost podreu gaudir de l’espai del Miniclub situat a la [&hellip;]

RGB Músic, S.L.
